{"id":9806,"date":"2025-08-14T14:01:02","date_gmt":"2025-08-14T12:01:02","guid":{"rendered":"https:\/\/sapachat.com\/?post_type=product&#038;p=9806"},"modified":"2025-10-03T10:10:03","modified_gmt":"2025-10-03T08:10:03","slug":"meta-quest-3","status":"publish","type":"product","link":"https:\/\/sapachat.com\/index.php\/produit\/meta-quest-3\/","title":{"rendered":"Meta Quest 3"},"content":{"rendered":"","protected":false},"excerpt":{"rendered":"<p>Meta Quest 3 512 Go \u2013 Le plus puissant des Quest \u2013 Exp\u00e9riences de r\u00e9alit\u00e9 mixte ultimes \u2013 Casque tout-en-un avec manettes, r\u00e9solution 4K + affichage Infinite Display. Neuf scell\u00e9 stock limit\u00e9.<\/p>\n","protected":false},"featured_media":9807,"comment_status":"open","ping_status":"closed","template":"","meta":{"_acf_changed":false},"product_brand":[],"product_cat":[15],"product_tag":[18],"class_list":{"0":"post-9806","1":"product","2":"type-product","3":"status-publish","4":"has-post-thumbnail","6":"product_cat-non-classe","7":"product_tag-fast","9":"first","10":"instock","11":"virtual","12":"purchasable","13":"product-type-simple"},"acf":[],"_links":{"self":[{"href":"https:\/\/sapachat.com\/index.php\/wp-json\/wp\/v2\/product\/9806","targetHints":{"allow":["GET"]}}],"collection":[{"href":"https:\/\/sapachat.com\/index.php\/wp-json\/wp\/v2\/product"}],"about":[{"href":"https:\/\/sapachat.com\/index.php\/wp-json\/wp\/v2\/types\/product"}],"replies":[{"embeddable":true,"href":"https:\/\/sapachat.com\/index.php\/wp-json\/wp\/v2\/comments?post=9806"}],"wp:featuredmedia":[{"embeddable":true,"href":"https:\/\/sapachat.com\/index.php\/wp-json\/wp\/v2\/media\/9807"}],"wp:attachment":[{"href":"https:\/\/sapachat.com\/index.php\/wp-json\/wp\/v2\/media?parent=9806"}],"wp:term":[{"taxonomy":"product_brand","embeddable":true,"href":"https:\/\/sapachat.com\/index.php\/wp-json\/wp\/v2\/product_brand?post=9806"},{"taxonomy":"product_cat","embeddable":true,"href":"https:\/\/sapachat.com\/index.php\/wp-json\/wp\/v2\/product_cat?post=9806"},{"taxonomy":"product_tag","embeddable":true,"href":"https:\/\/sapachat.com\/index.php\/wp-json\/wp\/v2\/product_tag?post=9806"}],"curies":[{"name":"wp","href":"https:\/\/api.w.org\/{rel}","templated":true}]}}