{"id":9591,"date":"2025-08-14T09:35:24","date_gmt":"2025-08-14T07:35:24","guid":{"rendered":"https:\/\/sapachat.com\/?post_type=product&#038;p=9591"},"modified":"2025-08-14T09:42:08","modified_gmt":"2025-08-14T07:42:08","slug":"lenovo-thinkpad","status":"publish","type":"product","link":"https:\/\/sapachat.com\/index.php\/produit\/lenovo-thinkpad\/","title":{"rendered":"LENOVO THINKPAD"},"content":{"rendered":"","protected":false},"excerpt":{"rendered":"<p style=\"text-align: right\">LENOVO THINKPAD T480s \/ Core i7 \/8\u00e8me G\u00e9n \/ 16Go Ram \/ 512 Go SSD \/ \u00c9cran 14 Pouce \/ Neuf dans Carton<\/p>\n<p>un sac offert<\/p>\n<p>Processeur Intel Core i7- 8\u00e8me G\u00e9n\u00e9ration<\/p>\n<p>Disque SSD 512 GB M2<\/p>\n<p>RAM 16 Go DDR4<\/p>\n<p>\u00c9cran 14&#8243; Pouces Full HD<\/p>\n<p>Clavier R\u00e9tro \u00c9clair\u00e9 AZERTY<\/p>\n<p>Autonomie impeccable 3h+<\/p>\n<p>Connectivit\u00e9: 2x USB Type-A, 2x USB<\/p>\n<p>Type-C, 1x HDMI, 1x Audio Jack, Camera<\/p>\n","protected":false},"featured_media":9595,"comment_status":"open","ping_status":"closed","template":"","meta":{"_acf_changed":false},"product_brand":[],"product_cat":[15],"product_tag":[],"class_list":{"0":"post-9591","1":"product","2":"type-product","3":"status-publish","4":"has-post-thumbnail","6":"product_cat-non-classe","8":"first","9":"instock","10":"sale","11":"shipping-taxable","12":"purchasable","13":"product-type-simple"},"acf":[],"_links":{"self":[{"href":"https:\/\/sapachat.com\/index.php\/wp-json\/wp\/v2\/product\/9591","targetHints":{"allow":["GET"]}}],"collection":[{"href":"https:\/\/sapachat.com\/index.php\/wp-json\/wp\/v2\/product"}],"about":[{"href":"https:\/\/sapachat.com\/index.php\/wp-json\/wp\/v2\/types\/product"}],"replies":[{"embeddable":true,"href":"https:\/\/sapachat.com\/index.php\/wp-json\/wp\/v2\/comments?post=9591"}],"wp:featuredmedia":[{"embeddable":true,"href":"https:\/\/sapachat.com\/index.php\/wp-json\/wp\/v2\/media\/9595"}],"wp:attachment":[{"href":"https:\/\/sapachat.com\/index.php\/wp-json\/wp\/v2\/media?parent=9591"}],"wp:term":[{"taxonomy":"product_brand","embeddable":true,"href":"https:\/\/sapachat.com\/index.php\/wp-json\/wp\/v2\/product_brand?post=9591"},{"taxonomy":"product_cat","embeddable":true,"href":"https:\/\/sapachat.com\/index.php\/wp-json\/wp\/v2\/product_cat?post=9591"},{"taxonomy":"product_tag","embeddable":true,"href":"https:\/\/sapachat.com\/index.php\/wp-json\/wp\/v2\/product_tag?post=9591"}],"curies":[{"name":"wp","href":"https:\/\/api.w.org\/{rel}","templated":true}]}}