{"id":8247,"date":"2025-08-12T14:38:53","date_gmt":"2025-08-12T12:38:53","guid":{"rendered":"https:\/\/sapachat.com\/?post_type=product&#038;p=8247"},"modified":"2025-09-18T10:48:40","modified_gmt":"2025-09-18T08:48:40","slug":"telephone-iphone-11-pro","status":"publish","type":"product","link":"https:\/\/sapachat.com\/index.php\/produit\/telephone-iphone-11-pro\/","title":{"rendered":"T\u00e9l\u00e9phone IPhone 11 Pro"},"content":{"rendered":"<blockquote><p>Voici les caract\u00e9ristiques de l&#8217;iPhone 11 Pro :<\/p>\n<p>*Design et Affichage*<\/p>\n<p>&#8211; \u00c9cran Super Retina XDR OLED de 5,8 pouces avec une r\u00e9solution de 2 436 x 1 125 pixels<br \/>\n&#8211; \u00c9cran HDR avec une luminosit\u00e9 maximale de 800 nits et 1 200 nits en mode HDR<br \/>\n&#8211; Rev\u00eatement ol\u00e9ophobe r\u00e9sistant aux traces de doigts<br \/>\n&#8211; Dimensions : 144 mm x 71,4 mm x 8,1 mm, poids : 188 grammes<\/p>\n<p>*Appareil Photo*<\/p>\n<p>&#8211; Triple appareil photo :<br \/>\n&#8211; Ultra grand-angle : 12 m\u00e9gapixels, ouverture \u0192\/2,4 et champ de vision de 120\u00b0<br \/>\n&#8211; Grand-angle : 12 m\u00e9gapixels, ouverture \u0192\/1,8<br \/>\n&#8211; T\u00e9l\u00e9objectif : 12 m\u00e9gapixels, ouverture \u0192\/2,0<br \/>\n&#8211; Zoom optique avant 2x, zoom optique arri\u00e8re 2x et zoom num\u00e9rique jusqu&#8217;\u00e0 10x<br \/>\n&#8211; Mode Portrait avec effet bokeh avanc\u00e9 et Contr\u00f4le de la profondeur<\/p>\n<p>*Performances*<\/p>\n<p>&#8211; Puce A13 Bionic avec Neural Engine troisi\u00e8me g\u00e9n\u00e9ration<br \/>\n&#8211; Syst\u00e8me d&#8217;exploitation iOS 13<\/p>\n<p>*Batterie et Autonomie*<\/p>\n<p>&#8211; Batterie au lithium-ion rechargeable int\u00e9gr\u00e9e<br \/>\n&#8211; Autonomie :<br \/>\n&#8211; Lecture vid\u00e9o : jusqu&#8217;\u00e0 18 heures<br \/>\n&#8211; Streaming vid\u00e9o : jusqu&#8217;\u00e0 11 heures<br \/>\n&#8211; Lecture audio : jusqu&#8217;\u00e0 65 heures<br \/>\n&#8211; Recharge rapide : jusqu&#8217;\u00e0 50% de charge en 30 minutes avec un adaptateur de 18 W ou plus<\/p>\n<p>*Connectivit\u00e9*<\/p>\n<p>&#8211; LTE classe Gigabit avec MIMO 4&#215;4 et LAA<br \/>\n&#8211; Wi-Fi 6 802.11ax avec MIMO 2&#215;2<br \/>\n&#8211; Bluetooth 5.0<br \/>\n&#8211; NFC avec mode lecteur<\/p>\n<p>*Autres Fonctionnalit\u00e9s*<\/p>\n<p>&#8211; Face ID pour la reconnaissance faciale<br \/>\n&#8211; R\u00e9sistance aux \u00e9claboussures, \u00e0 l&#8217;eau et \u00e0 la poussi\u00e8re (IP68)<br \/>\n&#8211; Capteurs : Face ID, barom\u00e8tre, gyroscope \u00e0 trois axes, acc\u00e9l\u00e9rom\u00e8tre, d\u00e9tecteur de proximit\u00e9 et capteur de luminosit\u00e9 ambiante<\/p><\/blockquote>\n","protected":false},"excerpt":{"rendered":"<p>Voici les caract\u00e9ristiques de l&#8217;iPhone 11 Pro :<\/p>\n<p>*Design et Affichage*<\/p>\n<p>&#8211; \u00c9cran Super Retina XDR OLED de 5,8 pouces avec une r\u00e9solution de 2 436 x 1 125 pixels<br \/>\n&#8211; \u00c9cran HDR avec une luminosit\u00e9 maximale de 800 nits et 1 200 nits en mode HDR<br \/>\n&#8211; Rev\u00eatement ol\u00e9ophobe r\u00e9sistant aux traces de doigts<br \/>\n&#8211; Dimensions : 144 mm x 71,4 mm x 8,1 mm, poids : 188 grammes<\/p>\n<p>*Appareil Photo*<\/p>\n<p>&#8211; Triple appareil photo :<br \/>\n&#8211; Ultra grand-angle : 12 m\u00e9gapixels, ouverture \u0192\/2,4 et champ de vision de 120\u00b0<br \/>\n&#8211; Grand-angle : 12 m\u00e9gapixels, ouverture \u0192\/1,8<br \/>\n&#8211; T\u00e9l\u00e9objectif : 12 m\u00e9gapixels, ouverture \u0192\/2,0<br \/>\n&#8211; Zoom optique avant 2x, zoom optique arri\u00e8re 2x et zoom num\u00e9rique jusqu&#8217;\u00e0 10x<br \/>\n&#8211; Mode Portrait avec effet bokeh avanc\u00e9 et Contr\u00f4le de la profondeur<\/p>\n<p>*Performances*<\/p>\n<p>&#8211; Puce A13 Bionic avec Neural Engine troisi\u00e8me g\u00e9n\u00e9ration<br \/>\n&#8211; Syst\u00e8me d&#8217;exploitation iOS 13<\/p>\n<p>*Batterie et Autonomie*<\/p>\n<p>&#8211; Batterie au lithium-ion rechargeable int\u00e9gr\u00e9e<br \/>\n&#8211; Autonomie :<br \/>\n&#8211; Lecture vid\u00e9o : jusqu&#8217;\u00e0 18 heures<br \/>\n&#8211; Streaming vid\u00e9o : jusqu&#8217;\u00e0 11 heures<br \/>\n&#8211; Lecture audio : jusqu&#8217;\u00e0 65 heures<br \/>\n&#8211; Recharge rapide : jusqu&#8217;\u00e0 50% de charge en 30 minutes avec un adaptateur de 18 W ou plus<\/p>\n<p>*Connectivit\u00e9*<\/p>\n<p>&#8211; LTE classe Gigabit avec MIMO 4&#215;4 et LAA<br \/>\n&#8211; Wi-Fi 6 802.11ax avec MIMO 2&#215;2<br \/>\n&#8211; Bluetooth 5.0<br \/>\n&#8211; NFC avec mode lecteur<\/p>\n<p>*Autres Fonctionnalit\u00e9s*<\/p>\n<p>&#8211; Face ID pour la reconnaissance faciale<br \/>\n&#8211; R\u00e9sistance aux \u00e9claboussures, \u00e0 l&#8217;eau et \u00e0 la poussi\u00e8re (IP68)<br \/>\n&#8211; Capteurs : Face ID, barom\u00e8tre, gyroscope \u00e0 trois axes, acc\u00e9l\u00e9rom\u00e8tre, d\u00e9tecteur de proximit\u00e9 et capteur de luminosit\u00e9 ambiante<\/p>\n","protected":false},"featured_media":8249,"comment_status":"open","ping_status":"closed","template":"","meta":{"_acf_changed":false},"product_brand":[],"product_cat":[15],"product_tag":[18],"class_list":{"0":"post-8247","1":"product","2":"type-product","3":"status-publish","4":"has-post-thumbnail","6":"product_cat-non-classe","7":"product_tag-fast","9":"first","10":"instock","11":"sale","12":"sold-individually","13":"shipping-taxable","14":"purchasable","15":"product-type-simple"},"acf":[],"_links":{"self":[{"href":"https:\/\/sapachat.com\/index.php\/wp-json\/wp\/v2\/product\/8247","targetHints":{"allow":["GET"]}}],"collection":[{"href":"https:\/\/sapachat.com\/index.php\/wp-json\/wp\/v2\/product"}],"about":[{"href":"https:\/\/sapachat.com\/index.php\/wp-json\/wp\/v2\/types\/product"}],"replies":[{"embeddable":true,"href":"https:\/\/sapachat.com\/index.php\/wp-json\/wp\/v2\/comments?post=8247"}],"wp:featuredmedia":[{"embeddable":true,"href":"https:\/\/sapachat.com\/index.php\/wp-json\/wp\/v2\/media\/8249"}],"wp:attachment":[{"href":"https:\/\/sapachat.com\/index.php\/wp-json\/wp\/v2\/media?parent=8247"}],"wp:term":[{"taxonomy":"product_brand","embeddable":true,"href":"https:\/\/sapachat.com\/index.php\/wp-json\/wp\/v2\/product_brand?post=8247"},{"taxonomy":"product_cat","embeddable":true,"href":"https:\/\/sapachat.com\/index.php\/wp-json\/wp\/v2\/product_cat?post=8247"},{"taxonomy":"product_tag","embeddable":true,"href":"https:\/\/sapachat.com\/index.php\/wp-json\/wp\/v2\/product_tag?post=8247"}],"curies":[{"name":"wp","href":"https:\/\/api.w.org\/{rel}","templated":true}]}}