{"id":7126,"date":"2025-07-30T15:04:27","date_gmt":"2025-07-30T13:04:27","guid":{"rendered":"https:\/\/sapachat.com\/?post_type=product&#038;p=7126"},"modified":"2025-07-30T15:08:49","modified_gmt":"2025-07-30T13:08:49","slug":"telephone-fix","status":"publish","type":"product","link":"https:\/\/sapachat.com\/index.php\/produit\/telephone-fix\/","title":{"rendered":"telephone fix"},"content":{"rendered":"<p>-remplissez le formulaire en ins\u00e9rant : nom ; pr\u00e9nom ; nom de la boutique ; url de la boutique\u00a0; rue ; adresse ; code postal ; pays ; numero de t\u00e9l\u00e9phone puis s\u2019inscrire<\/p>\n<p>5-cliquez sur let go<\/p>\n<p>4-v\u00e9rifiez et confirmez les informations pr\u00e9c\u00e9demment entrer.<\/p>\n<p>6- voici la page de paiement mais on peut la sauter en cliquant sur suivant<\/p>\n<p>7 \u2013 f\u00e9licitation\u00a0! votre boutique vient d\u2019\u00eatre cr\u00e9er. vous pouvez l\u2019acc\u00e9der<\/p>\n","protected":false},"excerpt":{"rendered":"<p>-remplissez le formulaire en ins\u00e9rant : nom ; pr\u00e9nom ; nom de la boutique ; url de la boutique\u00a0; rue ; adresse ; code postal ; pays ; numero de t\u00e9l\u00e9phone puis s\u2019inscrire<\/p>\n<p>5-cliquez sur let go<\/p>\n<p>4-v\u00e9rifiez et confirmez les informations pr\u00e9c\u00e9demment entrer.<\/p>\n<p>6- voici la page de paiement mais on peut la sauter en cliquant sur suivant<\/p>\n<p>7 \u2013 f\u00e9licitation\u00a0! votre boutique vient d\u2019\u00eatre cr\u00e9er. vous pouvez l\u2019acc\u00e9der<\/p>\n","protected":false},"featured_media":7120,"comment_status":"open","ping_status":"closed","template":"","meta":{"_acf_changed":false},"product_brand":[],"product_cat":[71],"product_tag":[],"class_list":{"0":"post-7126","1":"product","2":"type-product","3":"status-publish","4":"has-post-thumbnail","6":"product_cat-mobiles","8":"first","9":"instock","10":"sale","11":"virtual","12":"purchasable","13":"product-type-simple"},"acf":[],"_links":{"self":[{"href":"https:\/\/sapachat.com\/index.php\/wp-json\/wp\/v2\/product\/7126","targetHints":{"allow":["GET"]}}],"collection":[{"href":"https:\/\/sapachat.com\/index.php\/wp-json\/wp\/v2\/product"}],"about":[{"href":"https:\/\/sapachat.com\/index.php\/wp-json\/wp\/v2\/types\/product"}],"replies":[{"embeddable":true,"href":"https:\/\/sapachat.com\/index.php\/wp-json\/wp\/v2\/comments?post=7126"}],"wp:featuredmedia":[{"embeddable":true,"href":"https:\/\/sapachat.com\/index.php\/wp-json\/wp\/v2\/media\/7120"}],"wp:attachment":[{"href":"https:\/\/sapachat.com\/index.php\/wp-json\/wp\/v2\/media?parent=7126"}],"wp:term":[{"taxonomy":"product_brand","embeddable":true,"href":"https:\/\/sapachat.com\/index.php\/wp-json\/wp\/v2\/product_brand?post=7126"},{"taxonomy":"product_cat","embeddable":true,"href":"https:\/\/sapachat.com\/index.php\/wp-json\/wp\/v2\/product_cat?post=7126"},{"taxonomy":"product_tag","embeddable":true,"href":"https:\/\/sapachat.com\/index.php\/wp-json\/wp\/v2\/product_tag?post=7126"}],"curies":[{"name":"wp","href":"https:\/\/api.w.org\/{rel}","templated":true}]}}