{"id":6099,"date":"2025-07-10T15:25:13","date_gmt":"2025-07-10T13:25:13","guid":{"rendered":"https:\/\/sapachat.com\/?post_type=product&#038;p=6099"},"modified":"2025-10-03T09:39:59","modified_gmt":"2025-10-03T07:39:59","slug":"ipad-pro-11pouces-128go-2nd-generation-2","status":"publish","type":"product","link":"https:\/\/sapachat.com\/index.php\/produit\/ipad-pro-11pouces-128go-2nd-generation-2\/","title":{"rendered":"iPad Pro 11pouces 128GO (2nd G\u00e9n\u00e9ration)"},"content":{"rendered":"<p>Yopougon Saint Andr\u00e9<\/p>\n","protected":false},"excerpt":{"rendered":"<p>IPad Pro 128GO 11pouces 2nd G\u00e9n\u00e9ration avec son carton et touts Accessoires<\/p>\n<p>Magasin: Yopougon Saint Andr\u00e9, Arr\u00eat de bus 719<\/p>\n<p>N.B: Facture + Garantie Apr\u00e8s Achat<\/p>\n","protected":false},"featured_media":6050,"comment_status":"open","ping_status":"closed","template":"","meta":{"_acf_changed":false},"product_brand":[],"product_cat":[249],"product_tag":[],"class_list":{"0":"post-6099","1":"product","2":"type-product","3":"status-publish","4":"has-post-thumbnail","6":"product_cat-informatiques","8":"first","9":"instock","10":"sale","11":"virtual","12":"purchasable","13":"product-type-simple"},"acf":[],"_links":{"self":[{"href":"https:\/\/sapachat.com\/index.php\/wp-json\/wp\/v2\/product\/6099","targetHints":{"allow":["GET"]}}],"collection":[{"href":"https:\/\/sapachat.com\/index.php\/wp-json\/wp\/v2\/product"}],"about":[{"href":"https:\/\/sapachat.com\/index.php\/wp-json\/wp\/v2\/types\/product"}],"replies":[{"embeddable":true,"href":"https:\/\/sapachat.com\/index.php\/wp-json\/wp\/v2\/comments?post=6099"}],"wp:featuredmedia":[{"embeddable":true,"href":"https:\/\/sapachat.com\/index.php\/wp-json\/wp\/v2\/media\/6050"}],"wp:attachment":[{"href":"https:\/\/sapachat.com\/index.php\/wp-json\/wp\/v2\/media?parent=6099"}],"wp:term":[{"taxonomy":"product_brand","embeddable":true,"href":"https:\/\/sapachat.com\/index.php\/wp-json\/wp\/v2\/product_brand?post=6099"},{"taxonomy":"product_cat","embeddable":true,"href":"https:\/\/sapachat.com\/index.php\/wp-json\/wp\/v2\/product_cat?post=6099"},{"taxonomy":"product_tag","embeddable":true,"href":"https:\/\/sapachat.com\/index.php\/wp-json\/wp\/v2\/product_tag?post=6099"}],"curies":[{"name":"wp","href":"https:\/\/api.w.org\/{rel}","templated":true}]}}