{"id":6049,"date":"2025-07-09T12:46:52","date_gmt":"2025-07-09T10:46:52","guid":{"rendered":"https:\/\/sapachat.com\/?post_type=product&#038;p=6049"},"modified":"2025-08-12T07:50:57","modified_gmt":"2025-08-12T05:50:57","slug":"ipad-pro-11pouces-128go-2nd-generation","status":"publish","type":"product","link":"https:\/\/sapachat.com\/index.php\/produit\/ipad-pro-11pouces-128go-2nd-generation\/","title":{"rendered":"Ipad Pro 11pouces 128GO (2nd G\u00e9n\u00e9ration)"},"content":{"rendered":"","protected":false},"excerpt":{"rendered":"<p>iPad Pro 128GO (2nd G\u00e9n\u00e9ration) Avec Son Carton Et Touts Accessoires<\/p>\n<p>Magasin: Yopougon Saint Andr\u00e9,Arr\u00eat de bus 71<\/p>\n<p>N.B: Facture + Garantie Apr\u00e8s Achat<\/p>\n","protected":false},"featured_media":6050,"comment_status":"open","ping_status":"closed","template":"","meta":{"_acf_changed":false},"product_brand":[],"product_cat":[249],"product_tag":[],"class_list":{"0":"post-6049","1":"product","2":"type-product","3":"status-publish","4":"has-post-thumbnail","6":"product_cat-informatiques","8":"first","9":"instock","10":"sale","11":"virtual","12":"sold-individually","13":"purchasable","14":"product-type-simple"},"acf":[],"_links":{"self":[{"href":"https:\/\/sapachat.com\/index.php\/wp-json\/wp\/v2\/product\/6049","targetHints":{"allow":["GET"]}}],"collection":[{"href":"https:\/\/sapachat.com\/index.php\/wp-json\/wp\/v2\/product"}],"about":[{"href":"https:\/\/sapachat.com\/index.php\/wp-json\/wp\/v2\/types\/product"}],"replies":[{"embeddable":true,"href":"https:\/\/sapachat.com\/index.php\/wp-json\/wp\/v2\/comments?post=6049"}],"wp:featuredmedia":[{"embeddable":true,"href":"https:\/\/sapachat.com\/index.php\/wp-json\/wp\/v2\/media\/6050"}],"wp:attachment":[{"href":"https:\/\/sapachat.com\/index.php\/wp-json\/wp\/v2\/media?parent=6049"}],"wp:term":[{"taxonomy":"product_brand","embeddable":true,"href":"https:\/\/sapachat.com\/index.php\/wp-json\/wp\/v2\/product_brand?post=6049"},{"taxonomy":"product_cat","embeddable":true,"href":"https:\/\/sapachat.com\/index.php\/wp-json\/wp\/v2\/product_cat?post=6049"},{"taxonomy":"product_tag","embeddable":true,"href":"https:\/\/sapachat.com\/index.php\/wp-json\/wp\/v2\/product_tag?post=6049"}],"curies":[{"name":"wp","href":"https:\/\/api.w.org\/{rel}","templated":true}]}}