{"id":11657,"date":"2026-03-06T14:42:08","date_gmt":"2026-03-06T13:42:08","guid":{"rendered":"https:\/\/sapachat.com\/?post_type=product&#038;p=11657"},"modified":"2026-03-06T14:47:34","modified_gmt":"2026-03-06T13:47:34","slug":"huile-cheveux-adivasi","status":"publish","type":"product","link":"https:\/\/sapachat.com\/index.php\/produit\/huile-cheveux-adivasi\/","title":{"rendered":"HUILE CHEVEUX ADIVASI"},"content":{"rendered":"<p>CHINE : LIEU DE VENTE<\/p>\n<p>Huile de croissance rapide des cheveux, soin du cuir chevelu, traitement anti-chute de cheveux, s\u00e9rum et essence \u00e0 base de plantes pour favoriser la repousse et \u00e9paissir les cheveux, pour hommes et femmes<\/p>\n","protected":false},"excerpt":{"rendered":"<p>CHINE : LIEU DE VENTE<\/p>\n<p>Huile de croissance rapide des cheveux, soin du cuir chevelu, traitement anti-chute de cheveux, s\u00e9rum et essence \u00e0 base de plantes pour favoriser la repousse et \u00e9paissir les cheveux, pour hommes et femmes<\/p>\n","protected":false},"featured_media":11658,"comment_status":"open","ping_status":"closed","template":"","meta":{"_acf_changed":false},"product_brand":[],"product_cat":[244],"product_tag":[18],"class_list":{"0":"post-11657","1":"product","2":"type-product","3":"status-publish","4":"has-post-thumbnail","6":"product_cat-beaute","7":"product_tag-fast","9":"first","10":"instock","11":"sale","12":"downloadable","13":"virtual","14":"purchasable","15":"product-type-simple"},"acf":[],"_links":{"self":[{"href":"https:\/\/sapachat.com\/index.php\/wp-json\/wp\/v2\/product\/11657","targetHints":{"allow":["GET"]}}],"collection":[{"href":"https:\/\/sapachat.com\/index.php\/wp-json\/wp\/v2\/product"}],"about":[{"href":"https:\/\/sapachat.com\/index.php\/wp-json\/wp\/v2\/types\/product"}],"replies":[{"embeddable":true,"href":"https:\/\/sapachat.com\/index.php\/wp-json\/wp\/v2\/comments?post=11657"}],"wp:featuredmedia":[{"embeddable":true,"href":"https:\/\/sapachat.com\/index.php\/wp-json\/wp\/v2\/media\/11658"}],"wp:attachment":[{"href":"https:\/\/sapachat.com\/index.php\/wp-json\/wp\/v2\/media?parent=11657"}],"wp:term":[{"taxonomy":"product_brand","embeddable":true,"href":"https:\/\/sapachat.com\/index.php\/wp-json\/wp\/v2\/product_brand?post=11657"},{"taxonomy":"product_cat","embeddable":true,"href":"https:\/\/sapachat.com\/index.php\/wp-json\/wp\/v2\/product_cat?post=11657"},{"taxonomy":"product_tag","embeddable":true,"href":"https:\/\/sapachat.com\/index.php\/wp-json\/wp\/v2\/product_tag?post=11657"}],"curies":[{"name":"wp","href":"https:\/\/api.w.org\/{rel}","templated":true}]}}